{"id":253,"date":"2022-01-06T09:40:54","date_gmt":"2022-01-06T09:40:54","guid":{"rendered":"https:\/\/nunesepacheco.pt\/loja\/?page_id=253"},"modified":"2022-01-06T09:48:30","modified_gmt":"2022-01-06T09:48:30","slug":"resolucao-de-litigios","status":"publish","type":"page","link":"https:\/\/nunesepacheco.pt\/loja\/resolucao-de-litigios\/","title":{"rendered":"Resolu\u00e7\u00e3o de Lit\u00edgios"},"content":{"rendered":"\t\t<div data-elementor-type=\"wp-page\" data-elementor-id=\"253\" class=\"elementor elementor-253\" data-elementor-post-type=\"page\">\n\t\t\t\t\t\t<section class=\"elementor-section elementor-top-section elementor-element elementor-element-fd82c76 elementor-section-boxed elementor-section-height-default elementor-section-height-default\" data-id=\"fd82c76\" data-element_type=\"section\" data-e-type=\"section\" data-settings=\"{&quot;background_background&quot;:&quot;classic&quot;}\">\n\t\t\t\t\t\t\t<div class=\"elementor-background-overlay\"><\/div>\n\t\t\t\t\t\t\t<div class=\"elementor-container elementor-column-gap-default\">\n\t\t\t\t\t<div class=\"elementor-column elementor-col-100 elementor-top-column elementor-element elementor-element-b780803\" data-id=\"b780803\" data-element_type=\"column\" data-e-type=\"column\">\n\t\t\t<div class=\"elementor-widget-wrap elementor-element-populated\">\n\t\t\t\t\t\t<div class=\"elementor-element elementor-element-79dde7a elementor-widget elementor-widget-heading\" data-id=\"79dde7a\" data-element_type=\"widget\" data-e-type=\"widget\" data-widget_type=\"heading.default\">\n\t\t\t\t<div class=\"elementor-widget-container\">\n\t\t\t\t\t<h2 class=\"elementor-heading-title elementor-size-default\">Resolu\u00e7\u00e3o de Lit\u00edgios<\/h2>\t\t\t\t<\/div>\n\t\t\t\t<\/div>\n\t\t\t\t<div class=\"elementor-element elementor-element-a4c1199 elementor-widget elementor-widget-text-editor\" data-id=\"a4c1199\" data-element_type=\"widget\" data-e-type=\"widget\" data-widget_type=\"text-editor.default\">\n\t\t\t\t<div class=\"elementor-widget-container\">\n\t\t\t\t\t\t\t\t\t<p>Nos termos e em cumprimento do disposto na Lei n.\u00ba 144\/2015, de 08 de setembro, e das suas subsequentes altera\u00e7\u00f5es, a Nunes &amp; Pacheco, Lda., disponibiliza a informa\u00e7\u00e3o necess\u00e1ria para que o cliente consumidor possa exercer o seu direito de reclama\u00e7\u00e3o junto de uma entidade oficial, terceira e imparcial que o ajudar\u00e1 a resolver o lit\u00edgio em quest\u00e3o.<\/p><p>A resolu\u00e7\u00e3o alternativa de lit\u00edgios \u00e9 a possibilidade que todos os consumidores t\u00eam ao seu dispor para recorrer a entidades oficiais, no sentido de obterem ajuda na resolu\u00e7\u00e3o ou orienta\u00e7\u00e3o de algum conflito, antes de intentarem a\u00e7\u00f5es nos tribunais judiciais.<\/p><p>Em caso de lit\u00edgio o consumidor pode recorrer a uma entidade de resolu\u00e7\u00e3o alternativa de lit\u00edgios de consumo.<\/p><p><strong>TRIAVE \u2013 Centro de Arbitragem de Conflitos de Consumo do Vale do Ave <\/strong><\/p><p>\u00c1rea geogr\u00e1fica de abrang\u00eancia: contratos celebrados nos munic\u00edpios de Cabeceiras de Basto, Fafe, Felgueiras, Guimar\u00e3es, P\u00f3voa de Lanhoso, P\u00f3voa de Varzim, Santo Tirso, Trofa, Vila do Conde, Vila Nova de Famalic\u00e3o, Vizela, Vieira do Minho e Vizela.<\/p><p>Morada: Rua Capit\u00e3o Alfredo Guimar\u00e3es, n.\u00ba 1, 4800-019 \u2013 Guimar\u00e3es\u00a0<\/p><p>Telefone: 253 422 410\u00a0<\/p><p>E-mail: triave@gmail.com\u00a0<\/p><p>Web: www.triave.pt<\/p><p>Mais informa\u00e7\u00f5es em Portal do Consumidor: www.consumidor.gov.pt<\/p>\t\t\t\t\t\t\t\t<\/div>\n\t\t\t\t<\/div>\n\t\t\t\t\t<\/div>\n\t\t<\/div>\n\t\t\t\t\t<\/div>\n\t\t<\/section>\n\t\t\t\t<\/div>\n\t\t","protected":false},"excerpt":{"rendered":"<p>Resolu\u00e7\u00e3o de Lit\u00edgios Nos termos e em cumprimento do disposto na Lei n.\u00ba 144\/2015, de 08 de setembro, e das suas subsequentes altera\u00e7\u00f5es, a Nunes &amp; Pacheco, Lda., disponibiliza a informa\u00e7\u00e3o necess\u00e1ria para que o cliente consumidor possa exercer o seu direito de reclama\u00e7\u00e3o junto de uma entidade oficial, terceira e imparcial que o ajudar\u00e1 [&hellip;]<\/p>\n","protected":false},"author":1,"featured_media":0,"parent":0,"menu_order":0,"comment_status":"closed","ping_status":"closed","template":"elementor_header_footer","meta":{"footnotes":""},"class_list":["post-253","page","type-page","status-publish","hentry"],"_links":{"self":[{"href":"https:\/\/nunesepacheco.pt\/loja\/wp-json\/wp\/v2\/pages\/253","targetHints":{"allow":["GET"]}}],"collection":[{"href":"https:\/\/nunesepacheco.pt\/loja\/wp-json\/wp\/v2\/pages"}],"about":[{"href":"https:\/\/nunesepacheco.pt\/loja\/wp-json\/wp\/v2\/types\/page"}],"author":[{"embeddable":true,"href":"https:\/\/nunesepacheco.pt\/loja\/wp-json\/wp\/v2\/users\/1"}],"replies":[{"embeddable":true,"href":"https:\/\/nunesepacheco.pt\/loja\/wp-json\/wp\/v2\/comments?post=253"}],"version-history":[{"count":4,"href":"https:\/\/nunesepacheco.pt\/loja\/wp-json\/wp\/v2\/pages\/253\/revisions"}],"predecessor-version":[{"id":279,"href":"https:\/\/nunesepacheco.pt\/loja\/wp-json\/wp\/v2\/pages\/253\/revisions\/279"}],"wp:attachment":[{"href":"https:\/\/nunesepacheco.pt\/loja\/wp-json\/wp\/v2\/media?parent=253"}],"curies":[{"name":"wp","href":"https:\/\/api.w.org\/{rel}","templated":true}]}}